{"id":143,"date":"2016-03-09T15:30:29","date_gmt":"2016-03-09T14:30:29","guid":{"rendered":"http:\/\/naterre.net\/?post_type=tribe_events&#038;p=143"},"modified":"2016-03-09T15:30:36","modified_gmt":"2016-03-09T14:30:36","slug":"jema-journees-europeennes-des-metiers-dart","status":"publish","type":"tribe_events","link":"https:\/\/naterre.net\/index.php\/event\/jema-journees-europeennes-des-metiers-dart\/","title":{"rendered":"JEMA &#8211; journ\u00e9es europ\u00e9ennes des m\u00e9tiers d&rsquo;art"},"content":{"rendered":"<p>Retrouvez-nous \u00e0 cette occasion \u00e0 l&rsquo;abbaye de L\u00e9hon (pr\u00e8s de Dinan-22) pour trois jours d&rsquo;expo.<\/p>\n<p>Beaucoup de m\u00e9tiers repr\u00e9sent\u00e9s en plus de la poterie&#8230;<\/p>\n","protected":false},"excerpt":{"rendered":"<p>Retrouvez-nous \u00e0 cette occasion \u00e0 l&rsquo;abbaye de L\u00e9hon (pr\u00e8s de Dinan-22) pour trois jours d&rsquo;expo. Beaucoup de m\u00e9tiers repr\u00e9sent\u00e9s en plus de la poterie&#8230;<\/p>\n","protected":false},"author":1,"featured_media":0,"template":"","meta":{"_mi_skip_tracking":false,"_tribe_events_status":"","_tribe_events_status_reason":"","footnotes":""},"tags":[],"tribe_events_cat":[],"class_list":["post-143","tribe_events","type-tribe_events","status-publish","hentry"],"_links":{"self":[{"href":"https:\/\/naterre.net\/index.php\/wp-json\/wp\/v2\/tribe_events\/143","targetHints":{"allow":["GET"]}}],"collection":[{"href":"https:\/\/naterre.net\/index.php\/wp-json\/wp\/v2\/tribe_events"}],"about":[{"href":"https:\/\/naterre.net\/index.php\/wp-json\/wp\/v2\/types\/tribe_events"}],"author":[{"embeddable":true,"href":"https:\/\/naterre.net\/index.php\/wp-json\/wp\/v2\/users\/1"}],"version-history":[{"count":1,"href":"https:\/\/naterre.net\/index.php\/wp-json\/wp\/v2\/tribe_events\/143\/revisions"}],"predecessor-version":[{"id":397,"href":"https:\/\/naterre.net\/index.php\/wp-json\/wp\/v2\/tribe_events\/143\/revisions\/397"}],"wp:attachment":[{"href":"https:\/\/naterre.net\/index.php\/wp-json\/wp\/v2\/media?parent=143"}],"wp:term":[{"taxonomy":"post_tag","embeddable":true,"href":"https:\/\/naterre.net\/index.php\/wp-json\/wp\/v2\/tags?post=143"},{"taxonomy":"tribe_events_cat","embeddable":true,"href":"https:\/\/naterre.net\/index.php\/wp-json\/wp\/v2\/tribe_events_cat?post=143"}],"curies":[{"name":"wp","href":"https:\/\/api.w.org\/{rel}","templated":true}]}}

JEMA &#8211; journées européennes des métiers d&rsquo;art

<p>Retrouvez-nous à cette occasion à l&rsquo;abbaye de Léhon (près de Dinan-22) pour trois jours d&rsquo;expo.</p>
<p>Beaucoup de métiers représentés en plus de la poterie&#8230;</p>

<p>Retrouvez-nous à cette occasion à l&rsquo;abbaye de Léhon (près de Dinan-22) pour trois jours d&rsquo;expo. Beaucoup de métiers représentés en plus de la poterie&#8230;</p>
