{"id":158,"date":"2016-03-09T16:34:45","date_gmt":"2016-03-09T15:34:45","guid":{"rendered":"http:\/\/naterre.net\/?post_type=tribe_events&#038;p=158"},"modified":"2016-05-18T14:21:36","modified_gmt":"2016-05-18T13:21:36","slug":"festival-du-jardin-et-de-la-nature-a-gestel","status":"publish","type":"tribe_events","link":"https:\/\/naterre.net\/index.php\/event\/festival-du-jardin-et-de-la-nature-a-gestel\/","title":{"rendered":"Festival du jardin et de la nature \u00e0 GESTEL"},"content":{"rendered":"<p>Nous serons \u00e0 Gestel pour une belle occasion de c\u00e9l\u00e9brer les jardiniers \u00ab\u00a0nature\u00a0\u00bb!<\/p>\n<p>Vous trouverez le programme de cette manifestation ici : <a href=\"http:\/\/www.fetedelanature.com\/espace-acteurs\/mairie-de-gestel\/programme-fete-de-la-nature-2016\" target=\"_blank\">programme<\/a><\/p>\n","protected":false},"excerpt":{"rendered":"<p>Nous serons \u00e0 Gestel pour une belle occasion de c\u00e9l\u00e9brer les jardiniers \u00ab\u00a0nature\u00a0\u00bb! Vous trouverez le programme de cette manifestation ici : programme<\/p>\n","protected":false},"author":1,"featured_media":202,"template":"","meta":{"_mi_skip_tracking":false,"_tribe_events_status":"","_tribe_events_status_reason":"","footnotes":""},"tags":[],"tribe_events_cat":[],"class_list":["post-158","tribe_events","type-tribe_events","status-publish","has-post-thumbnail","hentry"],"_links":{"self":[{"href":"https:\/\/naterre.net\/index.php\/wp-json\/wp\/v2\/tribe_events\/158","targetHints":{"allow":["GET"]}}],"collection":[{"href":"https:\/\/naterre.net\/index.php\/wp-json\/wp\/v2\/tribe_events"}],"about":[{"href":"https:\/\/naterre.net\/index.php\/wp-json\/wp\/v2\/types\/tribe_events"}],"author":[{"embeddable":true,"href":"https:\/\/naterre.net\/index.php\/wp-json\/wp\/v2\/users\/1"}],"version-history":[{"count":1,"href":"https:\/\/naterre.net\/index.php\/wp-json\/wp\/v2\/tribe_events\/158\/revisions"}],"predecessor-version":[{"id":203,"href":"https:\/\/naterre.net\/index.php\/wp-json\/wp\/v2\/tribe_events\/158\/revisions\/203"}],"wp:featuredmedia":[{"embeddable":true,"href":"https:\/\/naterre.net\/index.php\/wp-json\/wp\/v2\/media\/202"}],"wp:attachment":[{"href":"https:\/\/naterre.net\/index.php\/wp-json\/wp\/v2\/media?parent=158"}],"wp:term":[{"taxonomy":"post_tag","embeddable":true,"href":"https:\/\/naterre.net\/index.php\/wp-json\/wp\/v2\/tags?post=158"},{"taxonomy":"tribe_events_cat","embeddable":true,"href":"https:\/\/naterre.net\/index.php\/wp-json\/wp\/v2\/tribe_events_cat?post=158"}],"curies":[{"name":"wp","href":"https:\/\/api.w.org\/{rel}","templated":true}]}}

Festival du jardin et de la nature à GESTEL

<p>Nous serons à Gestel pour une belle occasion de célébrer les jardiniers « nature »!</p>
<p>Vous trouverez le programme de cette manifestation ici : <a href="http://www.fetedelanature.com/espace-acteurs/mairie-de-gestel/programme-fete-de-la-nature-2016" target="_blank">programme</a></p>

<p>Nous serons à Gestel pour une belle occasion de célébrer les jardiniers « nature »! Vous trouverez le programme de cette manifestation ici : programme</p>
