{"id":199,"date":"2016-04-24T14:00:47","date_gmt":"2016-04-24T13:00:47","guid":{"rendered":"http:\/\/naterre.net\/?post_type=tribe_events&#038;p=199"},"modified":"2016-06-08T15:14:21","modified_gmt":"2016-06-08T14:14:21","slug":"planete-en-fete-a-brece-53","status":"publish","type":"tribe_events","link":"https:\/\/naterre.net\/index.php\/event\/planete-en-fete-a-brece-53\/","title":{"rendered":"Plan\u00e8te en f\u00eate \u00e0 Br\u00e9c\u00e9 &#8211; 53"},"content":{"rendered":"<p>Retrouvez nous \u00e0 \u00ab\u00a0Plan\u00e8te en f\u00eate\u00a0\u00bb,\u00a0une grande manifestation en Mayenne pour la protection de l\u2019environnement.<br \/>\nOn y parle : environnement, agriculture bio, d\u00e9veloppement durable, habitat sain, \u00e9nergies renouvelables, sant\u00e9, commerce \u00e9quitable\u2026<\/p>\n<p>Dans \u00bb Plan\u00e8te en f\u00eate \u00ab , il y a Plan\u00e8te\u2026 la protection de l\u2019environnement, c\u2019est de plus en plus important ! Aussi, on y fait le point sur les risques, les enjeux, les \u00e9volutions\u2026 et surtout on y propose des solutions pour faire mieux, pour faire autrement, pour mieux vivre en harmonie avec notre environnement.Et puis dans \u00bb Plan\u00e8te en f\u00eate \u00ab , il y a aussi f\u00eate\u2026 et \u00e7a aussi c\u2019est important ! Lieu de rencontre, animations, bonne ambiance font partie int\u00e9grante de l\u2019\u00e9v\u00e9nement.<\/p>\n<p>Comme le disait \u00e0 juste titre Antoine de St Exup\u00e9ry : \u00ab Nous n\u2019h\u00e9ritons pas de la terre de nos anc\u00eatres, nous l\u2019empruntons \u00e0 nos enfants.<\/p>\n","protected":false},"excerpt":{"rendered":"<p>Retrouvez nous \u00e0 \u00ab\u00a0Plan\u00e8te en f\u00eate\u00a0\u00bb,\u00a0une grande manifestation en Mayenne pour la protection de l\u2019environnement. On y parle : environnement, agriculture bio, d\u00e9veloppement durable, habitat sain, \u00e9nergies renouvelables, sant\u00e9, commerce &hellip; <a href=\"https:\/\/naterre.net\/index.php\/event\/planete-en-fete-a-brece-53\/\" class=\"more-link\">Continuer la lecture de <span class=\"screen-reader-text\">Plan\u00e8te en f\u00eate \u00e0 Br\u00e9c\u00e9 &#8211; 53<\/span>  <span class=\"meta-nav\">&rarr;<\/span><\/a><\/p>\n","protected":false},"author":1,"featured_media":260,"template":"","meta":{"_mi_skip_tracking":false,"_tribe_events_status":"","_tribe_events_status_reason":"","footnotes":""},"tags":[],"tribe_events_cat":[],"class_list":["post-199","tribe_events","type-tribe_events","status-publish","has-post-thumbnail","hentry"],"_links":{"self":[{"href":"https:\/\/naterre.net\/index.php\/wp-json\/wp\/v2\/tribe_events\/199","targetHints":{"allow":["GET"]}}],"collection":[{"href":"https:\/\/naterre.net\/index.php\/wp-json\/wp\/v2\/tribe_events"}],"about":[{"href":"https:\/\/naterre.net\/index.php\/wp-json\/wp\/v2\/types\/tribe_events"}],"author":[{"embeddable":true,"href":"https:\/\/naterre.net\/index.php\/wp-json\/wp\/v2\/users\/1"}],"version-history":[{"count":1,"href":"https:\/\/naterre.net\/index.php\/wp-json\/wp\/v2\/tribe_events\/199\/revisions"}],"predecessor-version":[{"id":263,"href":"https:\/\/naterre.net\/index.php\/wp-json\/wp\/v2\/tribe_events\/199\/revisions\/263"}],"wp:featuredmedia":[{"embeddable":true,"href":"https:\/\/naterre.net\/index.php\/wp-json\/wp\/v2\/media\/260"}],"wp:attachment":[{"href":"https:\/\/naterre.net\/index.php\/wp-json\/wp\/v2\/media?parent=199"}],"wp:term":[{"taxonomy":"post_tag","embeddable":true,"href":"https:\/\/naterre.net\/index.php\/wp-json\/wp\/v2\/tags?post=199"},{"taxonomy":"tribe_events_cat","embeddable":true,"href":"https:\/\/naterre.net\/index.php\/wp-json\/wp\/v2\/tribe_events_cat?post=199"}],"curies":[{"name":"wp","href":"https:\/\/api.w.org\/{rel}","templated":true}]}}

Planète en fête à Brécé &#8211; 53

<p>Retrouvez nous à « Planète en fête », une grande manifestation en Mayenne pour la protection de l’environnement.<br />
On y parle : environnement, agriculture bio, développement durable, habitat sain, énergies renouvelables, santé, commerce équitable…</p>
<p>Dans » Planète en fête « , il y a Planète… la protection de l’environnement, c’est de plus en plus important ! Aussi, on y fait le point sur les risques, les enjeux, les évolutions… et surtout on y propose des solutions pour faire mieux, pour faire autrement, pour mieux vivre en harmonie avec notre environnement.Et puis dans » Planète en fête « , il y a aussi fête… et ça aussi c’est important ! Lieu de rencontre, animations, bonne ambiance font partie intégrante de l’événement.</p>
<p>Comme le disait à juste titre Antoine de St Exupéry : « Nous n’héritons pas de la terre de nos ancêtres, nous l’empruntons à nos enfants.</p>

<p>Retrouvez nous à « Planète en fête », une grande manifestation en Mayenne pour la protection de l’environnement. On y parle : environnement, agriculture bio, développement durable, habitat sain, énergies renouvelables, santé, commerce &hellip; <a href="https://naterre.net/index.php/event/planete-en-fete-a-brece-53/" class="more-link">Continuer la lecture de <span class="screen-reader-text">Planète en fête à Brécé &#8211; 53</span>  <span class="meta-nav">&rarr;</span></a></p>
