{"id":211,"date":"2016-05-18T14:37:47","date_gmt":"2016-05-18T13:37:47","guid":{"rendered":"http:\/\/naterre.net\/?post_type=tribe_events&#038;p=211"},"modified":"2016-08-05T16:36:43","modified_gmt":"2016-08-05T15:36:43","slug":"fete-de-la-baie-a-hillion","status":"publish","type":"tribe_events","link":"https:\/\/naterre.net\/index.php\/event\/fete-de-la-baie-a-hillion\/","title":{"rendered":"F\u00eate de la baie \u00e0 Hillion"},"content":{"rendered":"<p>Dimanche 7 ao\u00fbt 2016<\/p>\n<p>3\u00e8me \u00e9dition de notre manifestation dans le centre-bourg d&rsquo; Hillion.<\/p>\n<p>Elle prend cette ann\u00e9e une nouvelle dimension avec ce nouveau nom:<\/p>\n<p>Folies en Baie<\/p>\n<p>Suite au succ\u00e8s de la f\u00eate 2014 et 2015, nous r\u00e9\u00e9ditons cette formule de:<\/p>\n<p>\u00ab\u00a0La d\u00e9couverte de l&rsquo;artisanat local et r\u00e9gional , de la commune d\u2019Hillion et \u00e0 la moule de Bouchots de la baie de Saint-Brieuc\u00a0\u00bb<\/p>\n<p>C&rsquo;est au travers d&rsquo;un march\u00e9 de l&rsquo;artisanat et de produits \u00e0 d\u00e9couvrir (poterie, c\u00e9ramique, sculpture, produits bio, etc&#8230;) que nous souhaitons par cette manifestation \u00e9co-citoyenne vous faire conna\u00eetre HILLION et la moule de bouchots de la baie de Saint-Brieuc.<\/p>\n<p>Comme par le pass\u00e9, vous trouverez sur place:Des attractions pour les enfants. Des expositions, diff\u00e9rentes activit\u00e9s des associations hillionnaises et du patrimoine communal.<\/p>\n<p>Pour accompagner ces activit\u00e9s: Des spectacles de rue ou sc\u00e9niques en commen\u00e7ant par le messe et du spectacle musical en apr\u00e8s-midi et soir\u00e9e.<\/p>\n<p>Le th\u00e8me musical 2016 sera la chanson fran\u00e7aise.<\/p>\n<p>Sans oublier la d\u00e9gustation de la fameuse moule de bouchot de la baie de Saint-Brieuc.<\/p>\n","protected":false},"excerpt":{"rendered":"<p>Dimanche 7 ao\u00fbt 2016 3\u00e8me \u00e9dition de notre manifestation dans le centre-bourg d&rsquo; Hillion. Elle prend cette ann\u00e9e une nouvelle dimension avec ce nouveau nom: Folies en Baie Suite au &hellip; <a href=\"https:\/\/naterre.net\/index.php\/event\/fete-de-la-baie-a-hillion\/\" class=\"more-link\">Continuer la lecture de <span class=\"screen-reader-text\">F\u00eate de la baie \u00e0 Hillion<\/span>  <span class=\"meta-nav\">&rarr;<\/span><\/a><\/p>\n","protected":false},"author":1,"featured_media":273,"template":"","meta":{"_mi_skip_tracking":false,"_tribe_events_status":"","_tribe_events_status_reason":"","footnotes":""},"tags":[],"tribe_events_cat":[],"class_list":["post-211","tribe_events","type-tribe_events","status-publish","has-post-thumbnail","hentry"],"_links":{"self":[{"href":"https:\/\/naterre.net\/index.php\/wp-json\/wp\/v2\/tribe_events\/211","targetHints":{"allow":["GET"]}}],"collection":[{"href":"https:\/\/naterre.net\/index.php\/wp-json\/wp\/v2\/tribe_events"}],"about":[{"href":"https:\/\/naterre.net\/index.php\/wp-json\/wp\/v2\/types\/tribe_events"}],"author":[{"embeddable":true,"href":"https:\/\/naterre.net\/index.php\/wp-json\/wp\/v2\/users\/1"}],"version-history":[{"count":0,"href":"https:\/\/naterre.net\/index.php\/wp-json\/wp\/v2\/tribe_events\/211\/revisions"}],"wp:featuredmedia":[{"embeddable":true,"href":"https:\/\/naterre.net\/index.php\/wp-json\/wp\/v2\/media\/273"}],"wp:attachment":[{"href":"https:\/\/naterre.net\/index.php\/wp-json\/wp\/v2\/media?parent=211"}],"wp:term":[{"taxonomy":"post_tag","embeddable":true,"href":"https:\/\/naterre.net\/index.php\/wp-json\/wp\/v2\/tags?post=211"},{"taxonomy":"tribe_events_cat","embeddable":true,"href":"https:\/\/naterre.net\/index.php\/wp-json\/wp\/v2\/tribe_events_cat?post=211"}],"curies":[{"name":"wp","href":"https:\/\/api.w.org\/{rel}","templated":true}]}}

Fête de la baie à Hillion

<p>Dimanche 7 août 2016</p>
<p>3ème édition de notre manifestation dans le centre-bourg d&rsquo; Hillion.</p>
<p>Elle prend cette année une nouvelle dimension avec ce nouveau nom:</p>
<p>Folies en Baie</p>
<p>Suite au succès de la fête 2014 et 2015, nous rééditons cette formule de:</p>
<p>« La découverte de l&rsquo;artisanat local et régional , de la commune d’Hillion et à la moule de Bouchots de la baie de Saint-Brieuc »</p>
<p>C&rsquo;est au travers d&rsquo;un marché de l&rsquo;artisanat et de produits à découvrir (poterie, céramique, sculpture, produits bio, etc&#8230;) que nous souhaitons par cette manifestation éco-citoyenne vous faire connaître HILLION et la moule de bouchots de la baie de Saint-Brieuc.</p>
<p>Comme par le passé, vous trouverez sur place:Des attractions pour les enfants. Des expositions, différentes activités des associations hillionnaises et du patrimoine communal.</p>
<p>Pour accompagner ces activités: Des spectacles de rue ou scéniques en commençant par le messe et du spectacle musical en après-midi et soirée.</p>
<p>Le thème musical 2016 sera la chanson française.</p>
<p>Sans oublier la dégustation de la fameuse moule de bouchot de la baie de Saint-Brieuc.</p>

<p>Dimanche 7 août 2016 3ème édition de notre manifestation dans le centre-bourg d&rsquo; Hillion. Elle prend cette année une nouvelle dimension avec ce nouveau nom: Folies en Baie Suite au &hellip; <a href="https://naterre.net/index.php/event/fete-de-la-baie-a-hillion/" class="more-link">Continuer la lecture de <span class="screen-reader-text">Fête de la baie à Hillion</span>  <span class="meta-nav">&rarr;</span></a></p>
