{"id":550,"date":"2019-02-05T17:23:43","date_gmt":"2019-02-05T16:23:43","guid":{"rendered":"http:\/\/naterre.net\/?post_type=tribe_events&#038;p=550"},"modified":"2019-02-05T17:23:43","modified_gmt":"2019-02-05T16:23:43","slug":"journees-des-plantes-rares-au-chateau-de-la-ferte-a-saint-ambreuil-71","status":"publish","type":"tribe_events","link":"https:\/\/naterre.net\/index.php\/event\/journees-des-plantes-rares-au-chateau-de-la-ferte-a-saint-ambreuil-71\/","title":{"rendered":"Journ\u00e9es des Plantes Rares au Ch\u00e2teau de la Fert\u00e9 \u00e0 Saint-Ambreuil (71)"},"content":{"rendered":"","protected":false},"excerpt":{"rendered":"","protected":false},"author":1,"featured_media":0,"template":"","meta":{"_mi_skip_tracking":false,"_tribe_events_status":"","_tribe_events_status_reason":"","footnotes":""},"tags":[],"tribe_events_cat":[],"class_list":["post-550","tribe_events","type-tribe_events","status-publish","hentry"],"_links":{"self":[{"href":"https:\/\/naterre.net\/index.php\/wp-json\/wp\/v2\/tribe_events\/550","targetHints":{"allow":["GET"]}}],"collection":[{"href":"https:\/\/naterre.net\/index.php\/wp-json\/wp\/v2\/tribe_events"}],"about":[{"href":"https:\/\/naterre.net\/index.php\/wp-json\/wp\/v2\/types\/tribe_events"}],"author":[{"embeddable":true,"href":"https:\/\/naterre.net\/index.php\/wp-json\/wp\/v2\/users\/1"}],"version-history":[{"count":1,"href":"https:\/\/naterre.net\/index.php\/wp-json\/wp\/v2\/tribe_events\/550\/revisions"}],"predecessor-version":[{"id":551,"href":"https:\/\/naterre.net\/index.php\/wp-json\/wp\/v2\/tribe_events\/550\/revisions\/551"}],"wp:attachment":[{"href":"https:\/\/naterre.net\/index.php\/wp-json\/wp\/v2\/media?parent=550"}],"wp:term":[{"taxonomy":"post_tag","embeddable":true,"href":"https:\/\/naterre.net\/index.php\/wp-json\/wp\/v2\/tags?post=550"},{"taxonomy":"tribe_events_cat","embeddable":true,"href":"https:\/\/naterre.net\/index.php\/wp-json\/wp\/v2\/tribe_events_cat?post=550"}],"curies":[{"name":"wp","href":"https:\/\/api.w.org\/{rel}","templated":true}]}}

Journées des Plantes Rares au Château de la Ferté à Saint-Ambreuil (71)
